{"id":91,"date":"2023-04-29T17:09:17","date_gmt":"2023-04-29T17:09:17","guid":{"rendered":"https:\/\/formastroqueles.com.uy\/?page_id=91"},"modified":"2023-05-02T13:22:58","modified_gmt":"2023-05-02T13:22:58","slug":"inicio","status":"publish","type":"page","link":"https:\/\/formastroqueles.com.uy\/","title":{"rendered":"Bienvenidos"},"content":{"rendered":"<div class=\"wp-block-image\">\n<figure class=\"alignright size-full is-resized\"><img loading=\"lazy\" decoding=\"async\" src=\"https:\/\/formastroqueles.com.uy\/wp-content\/uploads\/2023\/05\/inicio.png\" alt=\"\" class=\"wp-image-106\" width=\"247\" height=\"213\" srcset=\"https:\/\/formastroqueles.com.uy\/wp-content\/uploads\/2023\/05\/inicio.png 348w, https:\/\/formastroqueles.com.uy\/wp-content\/uploads\/2023\/05\/inicio-300x259.png 300w\" sizes=\"auto, (max-width: 247px) 100vw, 247px\" \/><\/figure>\n<\/div>\n\n\n<p>Somos una empresa j\u00f3ven con proyecci\u00f3n a futuro, dedicada a la fabricaci\u00f3n de troqueles planos para la industria grafica y al troquelado de diferentes materiales, cartulina(en todas sus variantes), adhesivos, cart\u00f3n, papel, goma eva,P.A.I.,magn\u00e9tico,cart\u00f3n plast, microcorrugado, etc.<br><br>Tambi\u00e9n nos dedicamos a la confecci\u00f3n de clise para Stamping, golpe en seco y Hot Stamping.<br><br>A pesar que nuestra empresa tiene ya mas de 20 a\u00f1os en plaza, somos lo suficientemente j\u00f3venes como para seguir apostando a nuevas tecnologias con el fin de obtener un producto final cada vez mas preciso acorde a las necesidades de nuestros clentes.<br><br>Nosotros nos dedicamos a brindarles una soluci\u00f3n para cada trabajo, volcando toda nuestra experiencia con el fin de obtener un producto final perfecto, buscando siempre la combinaci\u00f3n ideal (servicio-calidad-precio)<\/p>\n","protected":false},"excerpt":{"rendered":"<p>Somos una empresa j\u00f3ven con proyecci\u00f3n a futuro, dedicada a la fabricaci\u00f3n de troqueles planos para la industria grafica y al troquelado de diferentes materiales, cartulina(en todas sus variantes), adhesivos, cart\u00f3n, papel, goma eva,P.A.I.,magn\u00e9tico,cart\u00f3n plast, microcorrugado, etc. Tambi\u00e9n nos dedicamos a la confecci\u00f3n de clise para Stamping, golpe en seco y Hot Stamping. A pesar &#8230; <a title=\"Bienvenidos\" class=\"read-more\" href=\"https:\/\/formastroqueles.com.uy\/\" aria-label=\"Leer m\u00e1s sobre Bienvenidos\">Leer m\u00e1s<\/a><\/p>\n","protected":false},"author":1,"featured_media":0,"parent":0,"menu_order":0,"comment_status":"closed","ping_status":"closed","template":"","meta":{"footnotes":""},"class_list":["post-91","page","type-page","status-publish"],"yoast_head":"<!-- This site is optimized with the Yoast SEO plugin v20.6 - https:\/\/yoast.com\/wordpress\/plugins\/seo\/ -->\n<title>Bienvenidos - Formas Troqueles<\/title>\n<meta name=\"robots\" content=\"index, follow, max-snippet:-1, max-image-preview:large, max-video-preview:-1\" \/>\n<link rel=\"canonical\" href=\"https:\/\/formastroqueles.com.uy\/\" \/>\n<meta property=\"og:locale\" content=\"es_ES\" \/>\n<meta property=\"og:type\" content=\"article\" \/>\n<meta property=\"og:title\" content=\"Bienvenidos - Formas Troqueles\" \/>\n<meta property=\"og:description\" content=\"Somos una empresa j\u00f3ven con proyecci\u00f3n a futuro, dedicada a la fabricaci\u00f3n de troqueles planos para la industria grafica y al troquelado de diferentes materiales, cartulina(en todas sus variantes), adhesivos, cart\u00f3n, papel, goma eva,P.A.I.,magn\u00e9tico,cart\u00f3n plast, microcorrugado, etc. Tambi\u00e9n nos dedicamos a la confecci\u00f3n de clise para Stamping, golpe en seco y Hot Stamping. A pesar ... Leer m\u00e1s\" \/>\n<meta property=\"og:url\" content=\"https:\/\/formastroqueles.com.uy\/\" \/>\n<meta property=\"og:site_name\" content=\"Formas Troqueles\" \/>\n<meta property=\"article:modified_time\" content=\"2023-05-02T13:22:58+00:00\" \/>\n<meta property=\"og:image\" content=\"https:\/\/formastroqueles.com.uy\/wp-content\/uploads\/2023\/05\/inicio.png\" \/>\n<meta name=\"twitter:card\" content=\"summary_large_image\" \/>\n<meta name=\"twitter:label1\" content=\"Tiempo de lectura\" \/>\n\t<meta name=\"twitter:data1\" content=\"1 minuto\" \/>\n<script type=\"application\/ld+json\" class=\"yoast-schema-graph\">{\"@context\":\"https:\/\/schema.org\",\"@graph\":[{\"@type\":\"WebPage\",\"@id\":\"https:\/\/formastroqueles.com.uy\/\",\"url\":\"https:\/\/formastroqueles.com.uy\/\",\"name\":\"Bienvenidos - Formas Troqueles\",\"isPartOf\":{\"@id\":\"https:\/\/formastroqueles.com.uy\/#website\"},\"datePublished\":\"2023-04-29T17:09:17+00:00\",\"dateModified\":\"2023-05-02T13:22:58+00:00\",\"breadcrumb\":{\"@id\":\"https:\/\/formastroqueles.com.uy\/#breadcrumb\"},\"inLanguage\":\"es\",\"potentialAction\":[{\"@type\":\"ReadAction\",\"target\":[\"https:\/\/formastroqueles.com.uy\/\"]}]},{\"@type\":\"BreadcrumbList\",\"@id\":\"https:\/\/formastroqueles.com.uy\/#breadcrumb\",\"itemListElement\":[{\"@type\":\"ListItem\",\"position\":1,\"name\":\"Portada\",\"item\":\"https:\/\/formastroqueles.com.uy\/\"},{\"@type\":\"ListItem\",\"position\":2,\"name\":\"Bienvenidos\"}]},{\"@type\":\"WebSite\",\"@id\":\"https:\/\/formastroqueles.com.uy\/#website\",\"url\":\"https:\/\/formastroqueles.com.uy\/\",\"name\":\"Formas Troqueles\",\"description\":\"SERVICIO, CALIDAD Y PRECIO\",\"publisher\":{\"@id\":\"https:\/\/formastroqueles.com.uy\/#organization\"},\"potentialAction\":[{\"@type\":\"SearchAction\",\"target\":{\"@type\":\"EntryPoint\",\"urlTemplate\":\"https:\/\/formastroqueles.com.uy\/?s={search_term_string}\"},\"query-input\":\"required name=search_term_string\"}],\"inLanguage\":\"es\"},{\"@type\":\"Organization\",\"@id\":\"https:\/\/formastroqueles.com.uy\/#organization\",\"name\":\"Formas Troqueles\",\"url\":\"https:\/\/formastroqueles.com.uy\/\",\"logo\":{\"@type\":\"ImageObject\",\"inLanguage\":\"es\",\"@id\":\"https:\/\/formastroqueles.com.uy\/#\/schema\/logo\/image\/\",\"url\":\"https:\/\/formastroqueles.com.uy\/wp-content\/uploads\/2023\/04\/header-object.png\",\"contentUrl\":\"https:\/\/formastroqueles.com.uy\/wp-content\/uploads\/2023\/04\/header-object.png\",\"width\":395,\"height\":105,\"caption\":\"Formas Troqueles\"},\"image\":{\"@id\":\"https:\/\/formastroqueles.com.uy\/#\/schema\/logo\/image\/\"}}]}<\/script>\n<!-- \/ Yoast SEO plugin. -->","yoast_head_json":{"title":"Bienvenidos - Formas Troqueles","robots":{"index":"index","follow":"follow","max-snippet":"max-snippet:-1","max-image-preview":"max-image-preview:large","max-video-preview":"max-video-preview:-1"},"canonical":"https:\/\/formastroqueles.com.uy\/","og_locale":"es_ES","og_type":"article","og_title":"Bienvenidos - Formas Troqueles","og_description":"Somos una empresa j\u00f3ven con proyecci\u00f3n a futuro, dedicada a la fabricaci\u00f3n de troqueles planos para la industria grafica y al troquelado de diferentes materiales, cartulina(en todas sus variantes), adhesivos, cart\u00f3n, papel, goma eva,P.A.I.,magn\u00e9tico,cart\u00f3n plast, microcorrugado, etc. Tambi\u00e9n nos dedicamos a la confecci\u00f3n de clise para Stamping, golpe en seco y Hot Stamping. A pesar ... Leer m\u00e1s","og_url":"https:\/\/formastroqueles.com.uy\/","og_site_name":"Formas Troqueles","article_modified_time":"2023-05-02T13:22:58+00:00","og_image":[{"url":"https:\/\/formastroqueles.com.uy\/wp-content\/uploads\/2023\/05\/inicio.png"}],"twitter_card":"summary_large_image","twitter_misc":{"Tiempo de lectura":"1 minuto"},"schema":{"@context":"https:\/\/schema.org","@graph":[{"@type":"WebPage","@id":"https:\/\/formastroqueles.com.uy\/","url":"https:\/\/formastroqueles.com.uy\/","name":"Bienvenidos - Formas Troqueles","isPartOf":{"@id":"https:\/\/formastroqueles.com.uy\/#website"},"datePublished":"2023-04-29T17:09:17+00:00","dateModified":"2023-05-02T13:22:58+00:00","breadcrumb":{"@id":"https:\/\/formastroqueles.com.uy\/#breadcrumb"},"inLanguage":"es","potentialAction":[{"@type":"ReadAction","target":["https:\/\/formastroqueles.com.uy\/"]}]},{"@type":"BreadcrumbList","@id":"https:\/\/formastroqueles.com.uy\/#breadcrumb","itemListElement":[{"@type":"ListItem","position":1,"name":"Portada","item":"https:\/\/formastroqueles.com.uy\/"},{"@type":"ListItem","position":2,"name":"Bienvenidos"}]},{"@type":"WebSite","@id":"https:\/\/formastroqueles.com.uy\/#website","url":"https:\/\/formastroqueles.com.uy\/","name":"Formas Troqueles","description":"SERVICIO, CALIDAD Y PRECIO","publisher":{"@id":"https:\/\/formastroqueles.com.uy\/#organization"},"potentialAction":[{"@type":"SearchAction","target":{"@type":"EntryPoint","urlTemplate":"https:\/\/formastroqueles.com.uy\/?s={search_term_string}"},"query-input":"required name=search_term_string"}],"inLanguage":"es"},{"@type":"Organization","@id":"https:\/\/formastroqueles.com.uy\/#organization","name":"Formas Troqueles","url":"https:\/\/formastroqueles.com.uy\/","logo":{"@type":"ImageObject","inLanguage":"es","@id":"https:\/\/formastroqueles.com.uy\/#\/schema\/logo\/image\/","url":"https:\/\/formastroqueles.com.uy\/wp-content\/uploads\/2023\/04\/header-object.png","contentUrl":"https:\/\/formastroqueles.com.uy\/wp-content\/uploads\/2023\/04\/header-object.png","width":395,"height":105,"caption":"Formas Troqueles"},"image":{"@id":"https:\/\/formastroqueles.com.uy\/#\/schema\/logo\/image\/"}}]}},"_links":{"self":[{"href":"https:\/\/formastroqueles.com.uy\/index.php?rest_route=\/wp\/v2\/pages\/91","targetHints":{"allow":["GET"]}}],"collection":[{"href":"https:\/\/formastroqueles.com.uy\/index.php?rest_route=\/wp\/v2\/pages"}],"about":[{"href":"https:\/\/formastroqueles.com.uy\/index.php?rest_route=\/wp\/v2\/types\/page"}],"author":[{"embeddable":true,"href":"https:\/\/formastroqueles.com.uy\/index.php?rest_route=\/wp\/v2\/users\/1"}],"replies":[{"embeddable":true,"href":"https:\/\/formastroqueles.com.uy\/index.php?rest_route=%2Fwp%2Fv2%2Fcomments&post=91"}],"version-history":[{"count":4,"href":"https:\/\/formastroqueles.com.uy\/index.php?rest_route=\/wp\/v2\/pages\/91\/revisions"}],"predecessor-version":[{"id":108,"href":"https:\/\/formastroqueles.com.uy\/index.php?rest_route=\/wp\/v2\/pages\/91\/revisions\/108"}],"wp:attachment":[{"href":"https:\/\/formastroqueles.com.uy\/index.php?rest_route=%2Fwp%2Fv2%2Fmedia&parent=91"}],"curies":[{"name":"wp","href":"https:\/\/api.w.org\/{rel}","templated":true}]}}